Dec 01 10:16:48.108 INFO testing mardiros/cabot against master#8940af3cea4a9a9deabcaf843b2f8cad9a83fc61 for beta-1.31-5
Dec 01 10:16:48.108 INFO running `"docker" "create" "-v" "/mnt/big/crater/work/local/target-dirs/beta-1.31-5/worker-4/master#8940af3cea4a9a9deabcaf843b2f8cad9a83fc61:/target:rw,Z" "-v" "/mnt/big/crater/work/local/test-source/worker-4/beta-1.31-5/master#8940af3cea4a9a9deabcaf843b2f8cad9a83fc61:/source:ro,Z" "-v" "/mnt/big/crater/work/local/cargo-home:/cargo-home:ro,Z" "-v" "/mnt/big/crater/work/local/rustup-home:/rustup-home:ro,Z" "-e" "USER_ID=1000" "-e" "SOURCE_DIR=/source" "-e" "USER_ID=1000" "-e" "CMD=cargo +8940af3cea4a9a9deabcaf843b2f8cad9a83fc61-alt build --frozen" "-e" "CARGO_TARGET_DIR=/target" "-e" "CARGO_INCREMENTAL=0" "-e" "RUST_BACKTRACE=full" "-e" "RUSTFLAGS=--cap-lints=warn" "-e" "CARGO_HOME=/cargo-home" "-e" "RUSTUP_HOME=/rustup-home" "-m" "1536M" "--network" "none" "crater"`
Dec 01 10:16:48.511 INFO [stdout] bf7b9d98720afdb9b6d2cd9c03221cf758c7ceaa34738cafcf117ce0bc555803
Dec 01 10:16:48.515 INFO running `"docker" "start" "-a" "bf7b9d98720afdb9b6d2cd9c03221cf758c7ceaa34738cafcf117ce0bc555803"`
Dec 01 10:16:50.290 INFO [stderr] usermod: no changes
Dec 01 10:16:50.487 INFO [stderr]    Compiling sct v0.4.0
Dec 01 10:16:50.487 INFO [stderr]    Compiling webpki-roots v0.15.0
Dec 01 10:16:50.522 INFO [stderr]    Compiling pretty_env_logger v0.2.5
Dec 01 10:16:52.474 INFO [stderr]    Compiling rustls v0.14.0
Dec 01 10:17:08.418 INFO [stderr]    Compiling cabot v0.2.0 (/source)
Dec 01 10:17:17.027 INFO [stderr]     Finished dev [unoptimized + debuginfo] target(s) in 26.71s
Dec 01 10:17:17.039 INFO [stderr] su: No module specific data is present
Dec 01 10:17:18.673 INFO running `"docker" "inspect" "bf7b9d98720afdb9b6d2cd9c03221cf758c7ceaa34738cafcf117ce0bc555803"`
Dec 01 10:17:19.002 INFO running `"docker" "rm" "-f" "bf7b9d98720afdb9b6d2cd9c03221cf758c7ceaa34738cafcf117ce0bc555803"`
Dec 01 10:17:19.388 INFO [stdout] bf7b9d98720afdb9b6d2cd9c03221cf758c7ceaa34738cafcf117ce0bc555803
Dec 01 10:17:19.392 INFO running `"docker" "create" "-v" "/mnt/big/crater/work/local/target-dirs/beta-1.31-5/worker-4/master#8940af3cea4a9a9deabcaf843b2f8cad9a83fc61:/target:rw,Z" "-v" "/mnt/big/crater/work/local/test-source/worker-4/beta-1.31-5/master#8940af3cea4a9a9deabcaf843b2f8cad9a83fc61:/source:ro,Z" "-v" "/mnt/big/crater/work/local/cargo-home:/cargo-home:ro,Z" "-v" "/mnt/big/crater/work/local/rustup-home:/rustup-home:ro,Z" "-e" "USER_ID=1000" "-e" "SOURCE_DIR=/source" "-e" "USER_ID=1000" "-e" "CMD=cargo +8940af3cea4a9a9deabcaf843b2f8cad9a83fc61-alt test --frozen --no-run" "-e" "CARGO_TARGET_DIR=/target" "-e" "CARGO_INCREMENTAL=0" "-e" "RUST_BACKTRACE=full" "-e" "RUSTFLAGS=--cap-lints=warn" "-e" "CARGO_HOME=/cargo-home" "-e" "RUSTUP_HOME=/rustup-home" "-m" "1536M" "--network" "none" "crater"`
Dec 01 10:17:19.779 INFO [stdout] 90799ffe71f8aff3a0ef6b22d13b3faea0cfc70f40ccbe1706cc175739a5b6f2
Dec 01 10:17:19.781 INFO running `"docker" "start" "-a" "90799ffe71f8aff3a0ef6b22d13b3faea0cfc70f40ccbe1706cc175739a5b6f2"`
Dec 01 10:17:22.097 INFO [stderr] usermod: no changes
Dec 01 10:17:22.331 INFO [stderr]    Compiling cabot v0.2.0 (/source)
Dec 01 10:17:28.924 INFO [stderr]     Finished dev [unoptimized + debuginfo] target(s) in 6.79s
Dec 01 10:17:28.932 INFO [stderr] su: No module specific data is present
Dec 01 10:17:30.264 INFO running `"docker" "inspect" "90799ffe71f8aff3a0ef6b22d13b3faea0cfc70f40ccbe1706cc175739a5b6f2"`
Dec 01 10:17:30.588 INFO running `"docker" "rm" "-f" "90799ffe71f8aff3a0ef6b22d13b3faea0cfc70f40ccbe1706cc175739a5b6f2"`
Dec 01 10:17:30.971 INFO [stdout] 90799ffe71f8aff3a0ef6b22d13b3faea0cfc70f40ccbe1706cc175739a5b6f2
Dec 01 10:17:30.973 INFO running `"docker" "create" "-v" "/mnt/big/crater/work/local/target-dirs/beta-1.31-5/worker-4/master#8940af3cea4a9a9deabcaf843b2f8cad9a83fc61:/target:rw,Z" "-v" "/mnt/big/crater/work/local/test-source/worker-4/beta-1.31-5/master#8940af3cea4a9a9deabcaf843b2f8cad9a83fc61:/source:ro,Z" "-v" "/mnt/big/crater/work/local/cargo-home:/cargo-home:ro,Z" "-v" "/mnt/big/crater/work/local/rustup-home:/rustup-home:ro,Z" "-e" "USER_ID=1000" "-e" "SOURCE_DIR=/source" "-e" "USER_ID=1000" "-e" "CMD=cargo +8940af3cea4a9a9deabcaf843b2f8cad9a83fc61-alt test --frozen" "-e" "CARGO_TARGET_DIR=/target" "-e" "CARGO_INCREMENTAL=0" "-e" "RUST_BACKTRACE=full" "-e" "RUSTFLAGS=--cap-lints=warn" "-e" "CARGO_HOME=/cargo-home" "-e" "RUSTUP_HOME=/rustup-home" "-m" "1536M" "--network" "none" "crater"`
Dec 01 10:17:31.472 INFO [stdout] 3b50a52225632bda3349eb1d28db0209259f5db46f8b636d679563ef5284b15c
Dec 01 10:17:31.474 INFO running `"docker" "start" "-a" "3b50a52225632bda3349eb1d28db0209259f5db46f8b636d679563ef5284b15c"`
Dec 01 10:17:33.399 INFO [stderr] usermod: no changes
Dec 01 10:17:33.591 INFO [stderr]     Finished dev [unoptimized + debuginfo] target(s) in 0.16s
Dec 01 10:17:33.606 INFO [stdout] 
Dec 01 10:17:33.606 INFO [stdout] running 14 tests
Dec 01 10:17:33.606 INFO [stderr]      Running /target/debug/deps/cabot-c0a00334763c71d3
Dec 01 10:17:33.636 INFO [stdout] test client::tests::test_build_http_header_obsolete_line_folding ... ok
Dec 01 10:17:33.651 INFO [stdout] test client::tests::test_build_http_header_obsolete_line_folding_tab ... ok
Dec 01 10:17:33.651 INFO [stdout] test request::tests::test_get_request_with_headers_to_string ... ok
Dec 01 10:17:33.651 INFO [stdout] test client::tests::test_build_http_response_from_string ... ok
Dec 01 10:17:33.651 INFO [stdout] test constants::tests::test_user_agent ... ok
Dec 01 10:17:33.651 INFO [stdout] test client::tests::test_build_http_no_response_body ... ok
Dec 01 10:17:33.651 INFO [stdout] test request::tests::test_post_request_with_headers_to_string ... ok
Dec 01 10:17:33.651 INFO [stdout] test request::tests::test_request_builder_simple ... ok
Dec 01 10:17:33.651 INFO [stdout] test request::tests::test_get_request_to_string ... ok
Dec 01 10:17:33.651 INFO [stdout] test request::tests::test_request_builder_complete ... ok
Dec 01 10:17:33.651 INFO [stdout] test response::tests::test_response_ok_no_body ... ok
Dec 01 10:17:33.659 INFO [stderr]      Running /target/debug/deps/cabot-e279253000df943a
Dec 01 10:17:33.659 INFO [stderr]    Doc-tests cabot
Dec 01 10:17:33.659 INFO [stdout] test request::tests::test_get_request_with_host_to_string ... ok
Dec 01 10:17:33.659 INFO [stdout] test response::tests::test_response_ok ... ok
Dec 01 10:17:33.659 INFO [stdout] test response::tests::test_build_response_ok ... ok
Dec 01 10:17:33.659 INFO [stdout] 
Dec 01 10:17:33.659 INFO [stdout] test result: ok. 14 passed; 0 failed; 0 ignored; 0 measured; 0 filtered out
Dec 01 10:17:33.659 INFO [stdout] 
Dec 01 10:17:33.659 INFO [stdout] 
Dec 01 10:17:33.659 INFO [stdout] running 0 tests
Dec 01 10:17:33.659 INFO [stdout] 
Dec 01 10:17:33.659 INFO [stdout] test result: ok. 0 passed; 0 failed; 0 ignored; 0 measured; 0 filtered out
Dec 01 10:17:33.659 INFO [stdout] 
Dec 01 10:17:35.101 INFO [stdout] 
Dec 01 10:17:35.101 INFO [stdout] running 3 tests
Dec 01 10:17:42.751 INFO [stdout] test src/request.rs - request (line 4) ... ok
Dec 01 10:17:43.591 INFO [stdout] test src/response.rs - response (line 6) ... ok
Dec 01 10:17:44.299 INFO [stdout] test src/lib.rs -  (line 23) ... FAILED
Dec 01 10:17:44.299 INFO [stdout] 
Dec 01 10:17:44.299 INFO [stdout] failures:
Dec 01 10:17:44.300 INFO [stdout] 
Dec 01 10:17:44.300 INFO [stdout] ---- src/lib.rs -  (line 23) stdout ----
Dec 01 10:17:44.300 INFO [stdout] thread 'src/lib.rs -  (line 23)' panicked at 'test executable failed:
Dec 01 10:17:44.300 INFO [stdout] 
Dec 01 10:17:44.300 INFO [stdout] thread 'main' panicked at 'called `Result::unwrap()` on an `Err` value: IOError(Custom { kind: Other, error: StringError("failed to lookup address information: Temporary failure in name resolution") })', libcore/result.rs:1009:5
Dec 01 10:17:44.300 INFO [stdout] stack backtrace:
Dec 01 10:17:44.300 INFO [stdout]    0:     0x5589e774f14f - std::sys::unix::backtrace::tracing::imp::unwind_backtrace::h3a8b83e1922cbdde
Dec 01 10:17:44.300 INFO [stdout]                                at libstd/sys/unix/backtrace/tracing/gcc_s.rs:49
Dec 01 10:17:44.300 INFO [stdout]    1:     0x5589e7757c47 - std::sys_common::backtrace::print::h00d3155a29b4020f
Dec 01 10:17:44.300 INFO [stdout]                                at libstd/sys_common/backtrace.rs:71
Dec 01 10:17:44.300 INFO [stdout]                                at libstd/sys_common/backtrace.rs:59
Dec 01 10:17:44.300 INFO [stdout]    2:     0x5589e7752a9f - std::panicking::default_hook::{{closure}}::hd7465c742e79e1bb
Dec 01 10:17:44.300 INFO [stdout]                                at libstd/panicking.rs:211
Dec 01 10:17:44.300 INFO [stdout]    3:     0x5589e7752804 - std::panicking::default_hook::h9e3966f2aa2a6e12
Dec 01 10:17:44.300 INFO [stdout]                                at libstd/panicking.rs:227
Dec 01 10:17:44.300 INFO [stdout]    4:     0x5589e775311e - std::panicking::rust_panic_with_hook::h587f091ae747d080
Dec 01 10:17:44.300 INFO [stdout]                                at libstd/panicking.rs:476
Dec 01 10:17:44.300 INFO [stdout]    5:     0x5589e7752cc1 - std::panicking::continue_panic_fmt::hb3a4fdede87f43a8
Dec 01 10:17:44.300 INFO [stdout]                                at libstd/panicking.rs:390
Dec 01 10:17:44.300 INFO [stdout]    6:     0x5589e7752ba5 - rust_begin_unwind
Dec 01 10:17:44.300 INFO [stdout]                                at libstd/panicking.rs:325
Dec 01 10:17:44.300 INFO [stdout]    7:     0x5589e779352c - core::panicking::panic_fmt::h6f9cebf5e7474a0b
Dec 01 10:17:44.300 INFO [stdout]                                at libcore/panicking.rs:77
Dec 01 10:17:44.300 INFO [stdout]    8:     0x5589e7323af8 - core::result::unwrap_failed::h299c37500f6070af
Dec 01 10:17:44.300 INFO [stdout]    9:     0x5589e7323965 - <core::result::Result<T, E>>::unwrap::hac6a7ea049138e34
Dec 01 10:17:44.300 INFO [stdout]   10:     0x5589e7324577 - rust_out::main::h944e552f3f67b4ba
Dec 01 10:17:44.300 INFO [stdout]   11:     0x5589e7324482 - std::rt::lang_start::{{closure}}::h75e93374870778fd
Dec 01 10:17:44.300 INFO [stdout]   12:     0x5589e7752b42 - std::panicking::try::do_call::h52e7f80ff0fdcc45
Dec 01 10:17:44.300 INFO [stdout]                                at libstd/rt.rs:59
Dec 01 10:17:44.301 INFO [stdout]                                at libstd/panicking.rs:310
Dec 01 10:17:44.301 INFO [stdout]   13:     0x5589e7762bf9 - __rust_maybe_catch_panic
Dec 01 10:17:44.301 INFO [stdout]                                at libpanic_unwind/lib.rs:102
Dec 01 10:17:44.301 INFO [stdout]   14:     0x5589e7745a0a - std::rt::lang_start_internal::h38cae898de7f805c
Dec 01 10:17:44.301 INFO [stdout]                                at libstd/panicking.rs:289
Dec 01 10:17:44.301 INFO [stdout]                                at libstd/panic.rs:392
Dec 01 10:17:44.301 INFO [stdout]                                at libstd/rt.rs:58
Dec 01 10:17:44.301 INFO [stdout]   15:     0x5589e7324464 - std::rt::lang_start::h75a65a13903c9f73
Dec 01 10:17:44.301 INFO [stdout]   16:     0x5589e732471a - main
Dec 01 10:17:44.301 INFO [stdout]   17:     0x7f742864a82f - __libc_start_main
Dec 01 10:17:44.301 INFO [stdout]   18:     0x5589e7323368 - _start
Dec 01 10:17:44.301 INFO [stdout]   19:                0x0 - <unknown>
Dec 01 10:17:44.301 INFO [stdout] 
Dec 01 10:17:44.301 INFO [stdout] ', librustdoc/test.rs:367:17
Dec 01 10:17:44.301 INFO [stdout] stack backtrace:
Dec 01 10:17:44.301 INFO [stdout]    0:     0x7f9368ab290f - std::sys::unix::backtrace::tracing::imp::unwind_backtrace::h3a8b83e1922cbdde
Dec 01 10:17:44.301 INFO [stdout]                                at libstd/sys/unix/backtrace/tracing/gcc_s.rs:49
Dec 01 10:17:44.301 INFO [stdout]    1:     0x7f9368a97897 - std::sys_common::backtrace::print::h00d3155a29b4020f
Dec 01 10:17:44.301 INFO [stdout]                                at libstd/sys_common/backtrace.rs:71
Dec 01 10:17:44.301 INFO [stdout]                                at libstd/sys_common/backtrace.rs:59
Dec 01 10:17:44.301 INFO [stdout]    2:     0x7f9368abdcef - std::panicking::default_hook::{{closure}}::hd7465c742e79e1bb
Dec 01 10:17:44.301 INFO [stdout]                                at libstd/panicking.rs:211
Dec 01 10:17:44.301 INFO [stdout]    3:     0x7f9368abd9ee - std::panicking::default_hook::h9e3966f2aa2a6e12
Dec 01 10:17:44.301 INFO [stdout]                                at libstd/panicking.rs:221
Dec 01 10:17:44.301 INFO [stdout]    4:     0x7f936ac48951 - rustc::util::common::panic_hook::h27965632b67fe74e
Dec 01 10:17:44.301 INFO [stdout]    5:     0x7f9368abe4e6 - std::panicking::rust_panic_with_hook::h587f091ae747d080
Dec 01 10:17:44.301 INFO [stdout]                                at libstd/panicking.rs:480
Dec 01 10:17:44.301 INFO [stdout]    6:     0x7f9368abe031 - std::panicking::continue_panic_fmt::hb3a4fdede87f43a8
Dec 01 10:17:44.301 INFO [stdout]                                at libstd/panicking.rs:390
Dec 01 10:17:44.301 INFO [stdout]    7:     0x7f9368abdf7e - std::panicking::begin_panic_fmt::h387afc7da9a10555
Dec 01 10:17:44.301 INFO [stdout]                                at libstd/panicking.rs:345
Dec 01 10:17:44.301 INFO [stdout]    8:     0x562639d43ff8 - <rustdoc::test::Collector as rustdoc::test::Tester>::add_test::{{closure}}::{{closure}}::{{closure}}::h1a7d462b7674a13e
Dec 01 10:17:44.301 INFO [stdout]                                at librustdoc/test.rs:367
Dec 01 10:17:44.301 INFO [stdout]                                at librustdoc/test.rs:596
Dec 01 10:17:44.301 INFO [stdout]    9:     0x562639cf91f8 - <scoped_tls::ScopedKey<T>>::set::h9a299037e2efdd79
Dec 01 10:17:44.301 INFO [stdout]                                at /cargo/registry/src/github.com-1ecc6299db9ec823/scoped-tls-0.1.2/src/lib.rs:155
Dec 01 10:17:44.301 INFO [stdout]                                at libsyntax/lib.rs:106
Dec 01 10:17:44.301 INFO [stdout]                                at /cargo/registry/src/github.com-1ecc6299db9ec823/scoped-tls-0.1.2/src/lib.rs:155
Dec 01 10:17:44.301 INFO [stdout]   10:     0x562639afd601 - syntax::with_globals::hc9a23e436a64729f
Dec 01 10:17:44.301 INFO [stdout]                                at libsyntax/lib.rs:105
Dec 01 10:17:44.301 INFO [stdout]   11:     0x562639bafdbb - std::panicking::try::do_call::hd95e3a92339aa7c0
Dec 01 10:17:44.301 INFO [stdout]                                at librustdoc/test.rs:593
Dec 01 10:17:44.301 INFO [stdout]                                at libstd/panic.rs:313
Dec 01 10:17:44.301 INFO [stdout]                                at libstd/panicking.rs:310
Dec 01 10:17:44.301 INFO [stdout]   12:     0x7f9368acbcd9 - __rust_maybe_catch_panic
Dec 01 10:17:44.301 INFO [stdout]                                at libpanic_unwind/lib.rs:102
Dec 01 10:17:44.301 INFO [stdout]   13:     0x562639bd2f49 - rustc_driver::in_named_rustc_thread::h5d5326e5f9843b1f
Dec 01 10:17:44.301 INFO [stdout]                                at libstd/panicking.rs:289
Dec 01 10:17:44.301 INFO [stdout]                                at libstd/panic.rs:392
Dec 01 10:17:44.301 INFO [stdout]                                at librustc_driver/lib.rs:1546
Dec 01 10:17:44.301 INFO [stdout]   14:     0x562639d11eb0 - <F as alloc::boxed::FnBox<A>>::call_box::h85b70bbf522f8d35
Dec 01 10:17:44.301 INFO [stdout]                                at librustdoc/test.rs:593
Dec 01 10:17:44.301 INFO [stdout]                                at liballoc/boxed.rs:672
Dec 01 10:17:44.301 INFO [stdout]   15:     0x7f936a12d022 - <F as alloc::boxed::FnBox<A>>::call_box::h37f4bb882553d58c
Dec 01 10:17:44.301 INFO [stdout]                                at libtest/lib.rs:1461
Dec 01 10:17:44.301 INFO [stdout]                                at liballoc/boxed.rs:672
Dec 01 10:17:44.301 INFO [stdout]   16:     0x7f9368acbcd9 - __rust_maybe_catch_panic
Dec 01 10:17:44.301 INFO [stdout]                                at libpanic_unwind/lib.rs:102
Dec 01 10:17:44.301 INFO [stdout]   17:     0x7f936a155462 - std::sys_common::backtrace::__rust_begin_short_backtrace::hb8f0d0309526c184
Dec 01 10:17:44.301 INFO [stdout]                                at libstd/panicking.rs:289
Dec 01 10:17:44.301 INFO [stdout]                                at libstd/panic.rs:392
Dec 01 10:17:44.301 INFO [stdout]                                at libtest/lib.rs:1423
Dec 01 10:17:44.301 INFO [stdout]                                at libstd/sys_common/backtrace.rs:136
Dec 01 10:17:44.301 INFO [stdout]   18:     0x7f936a156204 - std::panicking::try::do_call::hc2f7c8b9a348d8db
Dec 01 10:17:44.301 INFO [stdout]                                at libstd/thread/mod.rs:409
Dec 01 10:17:44.301 INFO [stdout]                                at libstd/panic.rs:313
Dec 01 10:17:44.301 INFO [stdout]                                at libstd/panicking.rs:310
Dec 01 10:17:44.301 INFO [stdout]   19:     0x7f9368acbcd9 - __rust_maybe_catch_panic
Dec 01 10:17:44.301 INFO [stdout]                                at libpanic_unwind/lib.rs:102
Dec 01 10:17:44.301 INFO [stdout]   20:     0x7f936a13e94c - <F as alloc::boxed::FnBox<A>>::call_box::h6bfded618e480b32
Dec 01 10:17:44.301 INFO [stdout]                                at libstd/panicking.rs:289
Dec 01 10:17:44.301 INFO [stdout]                                at libstd/panic.rs:392
Dec 01 10:17:44.301 INFO [stdout]                                at libstd/thread/mod.rs:408
Dec 01 10:17:44.301 INFO [stdout]                                at liballoc/boxed.rs:672
Dec 01 10:17:44.301 INFO [stdout]   21:     0x7f9368ab8c9d - std::sys_common::thread::start_thread::h4c28257d67cdf9cb
Dec 01 10:17:44.301 INFO [stdout]                                at liballoc/boxed.rs:682
Dec 01 10:17:44.301 INFO [stdout]                                at libstd/sys_common/thread.rs:24
Dec 01 10:17:44.301 INFO [stdout]   22:     0x7f9368a8e4d5 - std::sys::unix::thread::Thread::new::thread_start::hfecb2e7eff8fd34f
Dec 01 10:17:44.301 INFO [stdout]                                at libstd/sys/unix/thread.rs:90
Dec 01 10:17:44.301 INFO [stdout]   23:     0x7f936861a6b9 - start_thread
Dec 01 10:17:44.301 INFO [stdout]   24:     0x7f936813a41c - clone
Dec 01 10:17:44.301 INFO [stdout]   25:                0x0 - <unknown>
Dec 01 10:17:44.301 INFO [stdout] query stack during panic:
Dec 01 10:17:44.301 INFO [stdout] end of query stack
Dec 01 10:17:44.301 INFO [stdout] 
Dec 01 10:17:44.302 INFO [stdout] 
Dec 01 10:17:44.302 INFO [stdout] failures:
Dec 01 10:17:44.302 INFO [stdout]     src/lib.rs -  (line 23)
Dec 01 10:17:44.302 INFO [stdout] 
Dec 01 10:17:44.303 INFO [stdout] test result: FAILED. 2 passed; 1 failed; 0 ignored; 0 measured; 0 filtered out
Dec 01 10:17:44.303 INFO [stdout] 
Dec 01 10:17:44.335 INFO [stderr] error: test failed, to rerun pass '--doc'
Dec 01 10:17:44.337 INFO [stderr] su: No module specific data is present
Dec 01 10:17:45.873 INFO running `"docker" "inspect" "3b50a52225632bda3349eb1d28db0209259f5db46f8b636d679563ef5284b15c"`
Dec 01 10:17:46.165 INFO running `"docker" "rm" "-f" "3b50a52225632bda3349eb1d28db0209259f5db46f8b636d679563ef5284b15c"`
Dec 01 10:17:46.547 INFO [stdout] 3b50a52225632bda3349eb1d28db0209259f5db46f8b636d679563ef5284b15c
